mmon divisor of 2173050 and 1350?
450
What is the greatest common factor of 522 and 5850?
18
Calculate the greatest common factor of 134 and 37922.
134
Calculate the greatest common divisor of 309308 and 2756.
212
What is the highest common factor of 100 and 47420?
20
Calculate the highest common divisor of 157620 and 44844.
444
What is the highest common divisor of 20643 and 462?
21
What is the greatest common divisor of 1688 and 328?
8
What is the greatest common divisor of 17368 and 832?
104
What is the highest common divisor of 75492 and 92967?
699
What is the greatest common divisor of 143 and 5460?
13
What is the greatest common factor of 85632 and 480?
96
Calculate the highest common divisor of 115880 and 40.
40
What is the greatest common factor of 172 and 82259?
43
What is the highest common divisor of 36450 and 14?
2
Calculate the greatest common divisor of 28 and 3509863.
7
Calculate the highest common factor of 166015 and 10.
5
What is the highest common factor of 4800 and 55296?
192
What is the greatest common factor of 7237452 and 1668?
1668
What is the greatest common factor of 2800 and 4325?
25
Calculate the greatest common divisor of 99925 and 25.
25
What is the greatest common divisor of 1210 and 394097?
121
What is the highest common divisor of 2184 and 10976?
56
Calculate the greatest common factor of 5681 and 20033.
299
Calculate the highest common factor of 2061750 and 50.
50
What is the greatest common factor of 381756 and 696?
348
Calculate the highest common divisor of 1833026 and 104.
26
Calculate the greatest common factor of 200515 and 2380.
595
Calculate the greatest common divisor of 153234 and 18.
18
What is the highest common divisor of 46618 and 143?
143
Calculate the highest common divisor of 3922 and 3848.
74
What is the highest common divisor of 30 and 264210?
30
What is the highest common factor of 404 and 16?
4
Calculate the greatest common factor of 543 and 2295.
3
Calculate the highest common factor of 5100 and 918.
102
Calculate the highest common divisor of 173329 and 67.
67
Calculate the greatest common factor of 36309 and 1183.
91
Calculate the highest common factor of 26441 and 60691.
137
What is the greatest common factor of 1675609 and 2379?
793
What is the greatest common divisor of 195 and 78015?
15
Calculate the highest common factor of 4854 and 18.
6
Calculate the greatest common divisor of 591 and 9.
3
Calculate the greatest common divisor of 1872 and 3120.
624
What is the greatest common factor of 141984 and 6?
6
Calculate the highest common factor of 2023 and 23919.
119
Calculate the highest common divisor of 35424 and 410.
82
Calculate the greatest common divisor of 605 and 10505.
55
What is the greatest common factor of 3892497 and 322?
161
Calculate the greatest common divisor of 37700 and 190.
10
Calculate the highest common divisor of 10836 and 504.
252
What is the greatest common divisor of 1073467 and 719?
719
What is the greatest common divisor of 59285 and 5680?
355
What is the greatest common factor of 148743 and 54?
27
Calculate the highest common factor of 338 and 2782.
26
Calculate the greatest common factor of 62 and 784827.
31
Calculate the highest common factor of 21 and 113517.
3
What is the highest common divisor of 221 and 3893?
17
Calculate the greatest common factor of 169944 and 32412.
876
Calculate the highest common factor of 732 and 240.
12
Calculate the greatest common divisor of 5775 and 63.
21
Calculate the greatest common factor of 8803433 and 731.
731
What is the greatest common factor of 176 and 50776?
88
Calculate the greatest common divisor of 26604 and 102.
6
Calculate the highest common factor of 176 and 69136.
16
Calculate the highest common factor of 196 and 16023.
49
What is the highest common factor of 11968 and 208?
16
What is the highest common factor of 13960 and 200?
40
What is the highest common divisor of 6 and 6208698?
6
Calculate the highest common divisor of 78526 and 8946.
994
Calculate the greatest common divisor of 29211 and 376961.
1391
What is the greatest common factor of 715 and 185445?
65
Calculate the greatest common divisor of 132861 and 2345.
67
What is the greatest common divisor of 825 and 201531?
33
What is the highest common divisor of 75473 and 142?
71
What is the greatest common divisor of 38 and 36214?
38
Calculate the greatest common divisor of 1004 and 64.
4
Calculate the highest common divisor of 532 and 7084.
28
Calculate the highest common divisor of 5894 and 6034.
14
What is the greatest common divisor of 893 and 547409?
893
What is the highest common divisor of 4169 and 3?
1
What is the greatest common divisor of 266 and 17100?
38
What is the greatest common factor of 155109 and 11104?
347
Calculate the greatest common factor of 8 and 27292.
4
Calculate the greatest common divisor of 167602 and 105197.
1783
What is the greatest common factor of 2400289 and 122?
61
Calculate the greatest common divisor of 178 and 939039.
89
Calculate the greatest common factor of 204 and 87176.
68
Calculate the highest common factor of 2533 and 1394.
17
Calculate the highest common factor of 11951 and 1292.
323
What is the greatest common divisor of 4826 and 381?
127
What is the greatest common factor of 6812 and 917?
131
Calculate the greatest common factor of 10257 and 221.
13
Calculate the highest common divisor of 68793 and 276.
69
What is the greatest common factor of 54 and 98?
2
What is the highest common factor of 3003 and 65520?
273
Calculate the highest common factor of 2127945 and 15.
15
Calculate the highest common factor of 9363146 and 962.
962
What is the highest common factor of 155 and 536765?
155
What is the greatest common factor of 28 and 57022?
14
What is the highest common factor of 3443 and 440?
11
What is the highest common factor of 2584 and 10982?
646
What is the highest common divisor of 33 and 24783?
33
Calculate the greatest common divisor of 224 and 3857952.
224
What is the highest common divisor of 5616 and 3816?
72
What is the greatest common factor of 3392 and 57088?
64
What is the highest common factor of 482 and 92062?
482
Calculate the highest common divisor of 411 and 133164.
411
Calculate the greatest common factor of 1653 and 569183.
551
What is the greatest common factor of 573 and 18336?
573
Calculate the greatest common factor of 968 and 67826.
22
Calculate the greatest common factor of 120 and 211890.
30
Calculate the greatest common divisor of 69 and 184.
23
Calculate the greatest common factor of 2782 and 3638.
214
What is the highest common divisor of 574728 and 176?
88
Calculate the highest common factor of 42815 and 5.
5
Calculate the highest common divisor of 476510 and 136.
34
What is the highest common factor of 532 and 230356?
532
Calculate the highest common factor of 11904 and 1600.
64
Calculate the greatest common factor of 9 and 317619.
9
What is the greatest common factor of 1368 and 1089?
9
Calculate the greatest common factor of 3325 and 7695.
95
Calculate the greatest common divisor of 15145 and 40365.
65
Calculate the greatest common divisor of 504 and 159012.
252
What is the greatest common divisor of 371980 and 20?
20
Calculate the greatest common divisor of 1820653 and 142.
71
Calculate the greatest common divisor of 20310 and 55.
5
Calculate the highest common factor of 159587 and 29.
29
What is the highest common factor of 27592 and 16?
8
What is the highest common divisor of 292539 and 39813?
1731
What is the highest common divisor of 31117 and 74?
37
Calculate the greatest common factor of 273715 and 130.
65
Calculate the highest common factor of 28 and 3216.
4
What is the greatest common factor of 5731 and 110?
11
What is the highest common factor of 57 and 45638?
19
What is the highest common divisor of 871 and 104?
13
Calculate the greatest common divisor of 547 and 1267946.
547
What is the highest common divisor of 414024 and 312?
312
What is the greatest common factor of 89544 and 49504?
728
Calculate the highest common divisor of 141 and 2526438.
141
What is the highest common divisor of 396 and 867108?
132
Calculate the highest common divisor of 18 and 190944.
18
What is the greatest common divisor of 285 and 123405?
285
Calculate the highest common factor of